 the greatest common factor of c and 31?
31
Let l(r) = 4*r - 11. Let i(z) = -z + 1. Let u(b) = -6*i(b) - l(b). Let f be u(3). Calculate the greatest common divisor of 22 and f.
11
Suppose 25*v - 3*f = 24*v + 25, 0 = -3*v + 4*f + 85. What is the greatest common factor of v and 124?
31
Let p = 674 - 665. Suppose -4*o = 5*n + 7, 3*n = -5*o + 5*n + 16. Suppose 243 = z + o*z. Calculate the highest common divisor of p and z.
9
Suppose -2*t = -7*t + 15. Let h(p) = 11*p**2 - 2*p - 1. Let q be h(-1). Calculate the greatest common divisor of q and t.
3
Suppose 4*z + 228 = 3*m + 8*z, 2*m - 148 = -4*z. Let h = -206 - -216. What is the greatest common divisor of m and h?
10
Let l = -41 + 59. Let m(t) = t**3 + 17*t**2 + 25*t - 21. Let f be m(-15). What is the highest common divisor of f and l?
18
Suppose 5*h - 3*h = -26. Let a be (16/(-10))/(h/780). Let o = 4 - -8. Calculate the greatest common divisor of o and a.
12
Let g be (1 + -5)/(2/(-2)). Suppose g*m - 11 = 13. Let v be (-5)/(-50)*25*(-4)/(-5). What is the greatest common factor of m and v?
2
Suppose 269*d + 544 = 277*d. What is the greatest common factor of d and 4?
4
Suppose -3*s + 43 + 14 = 0. Calculate the greatest common factor of 38 and s.
19
Let u be 6/((-3)/(-3) - 4/2). Let y be (u/36*14)/((-1)/36). Calculate the highest common factor of 21 and y.
21
Let o be 7/2 + (-13)/26. Let p be 293/o - (-7 - 40/(-6)). What is the highest common divisor of 245 and p?
49
Let b be ((-136)/51)/((-2)/3). Let u(r) = 34*r - 16. Let y be u(b). Calculate the highest common factor of 48 and y.
24
Let y = 26 + -18. Suppose 0 = x - 0*x - 3. Suppose -3*c = -v - 0 - 11, -x*v + 4*c - 8 = 0. What is the highest common divisor of v and y?
4
Let l(n) = n**3 + n**2 + n + 32. Let k be l(0). Let v = k - -33. Suppose 0 = -2*o + 11*o - 234. Calculate the highest common divisor of v and o.
13
Let d = 118 + -46. Calculate the highest common factor of 45 and d.
9
Suppose 2*i - 48 = -3*r + 3*i, -5*r - 2*i = -80. Suppose 2*a = -6*a + r. What is the greatest common factor of 14 and a?
2
Suppose -9*z = -4*z + 635. Let o = 128 + z. What is the greatest common factor of 1 and o?
1
Let o be (1024/80)/16 + 15282/10. Calculate the greatest common divisor of 11 and o.
11
Let q be (36/16)/((-7)/(-364)). Suppose 3*c - 17 = 22. What is the greatest common divisor of q and c?
13
Suppose 3482 = 15*z - 568. Calculate the greatest common divisor of 70 and z.
10
Let y(x) = 7*x - 16. Let t be y(11). Let r = 103 - t. What is the greatest common divisor of r and 18?
6
Let s = -2301 + 2381. Calculate the highest common divisor of s and 3600.
80
Let h(k) be the second derivative of k**4/12 + 17*k**3/6 - 36*k**2 - 24*k - 2. Let r be h(-21). Calculate the highest common factor of r and 204.
12
Let q(z) = z**3 + 29*z**2 + 30*z + 57. Let o be q(-28). Calculate the greatest common divisor of 2 and o.
1
Let v be ((-5)/45)/(8/(-72))*4. Let d be 0*3/18*3. Suppose 3*q - 4*q + 3*u + 32 = d, -5*q + u = -160. What is the highest common factor of v and q?
4
Let u = -5 - -10. Suppose 0 = 4*r + u*g - 11, -r - g + 6 = -3*g. Let l(v) = -v**2 + 4*v. Let f be l(2). What is the greatest common divisor of r and f?
4
Let g be 60/8*(-6)/5. Let h be 65/15 - ((-12)/g - 2). Let t = 25 + -15. Calculate the greatest common divisor of t and h.
5
Let i = -58 + 212. What is the highest common divisor of i and 22?
22
Let v = 1552 - 1422. Calculate the highest common divisor of v and 150.
10
Let g be (-139)/(-4) + 10/40. Suppose -5*d = -1067 + 72. Let v = d + -59. What is the highest common divisor of g and v?
35
Let q = 1020 + -984. Calculate the greatest common factor of 288 and q.
36
Let q(k) = 5*k + 23. Let g be q(-10). Let f be (2 - 86/4)*36/g. What is the highest common divisor of f and 65?
13
Suppose 10*m - 972 = 738. Calculate the highest common factor of m and 95.
19
Let s be 247/(-7) + (2 - (-36)/(-21)). Let h = 39 + s. What is the greatest common divisor of 32 and h?
4
Let r = 41 + -36. Suppose 34 = 2*k - y + 1, -r*y + 87 = 4*k. Calculate the greatest common divisor of k and 9.
9
Suppose 114 = 3*b + 42. Suppose 2*i + 10 = -5*n + 25, -2*n + b = 2*i. Calculate the highest common divisor of 10 and i.
5
Suppose -5*a - 4*y + 666 = 0, 9*a - 5*a = -2*y + 534. What is the greatest common divisor of 1273 and a?
67
Let r = 233 - 188. What is the greatest common divisor of r and 90?
45
Let t be -9*((-10)/10)/1. Let c be ((-252)/(-60))/(2/30). Calculate the highest common factor of t and c.
9
Suppose -12328 = -18*p - 5*p. Let b be 1/(-3) + (-1042)/(-3). Suppose b + p = 5*a - 3*v, 2*a - 5*v = 357. What is the highest common divisor of a and 22?
22
Suppose 3*b + 0 - 18 = 3*y, -2*y - 2*b - 4 = 0. Let f = 5 + y. Suppose -1 = 2*w - 15. Calculate the greatest common divisor of f and w.
1
Suppose 0 = -5*i + 3*i + 32. Let s = 46 - 14. Calculate the greatest common factor of i and s.
16
Suppose -2*c + 12 = 4*s, s - 5*c + 9 = 4*s. Suppose -10 = -2*t - 5*y, -4*y = t + 1 - s. Calculate the highest common factor of 10 and t.
10
Let o = 140 + -138. Calculate the highest common factor of 13 and o.
1
Let a be 568/(-36) - 1/(18/4). Let c be (-4)/a - (-262)/8. What is the highest common divisor of c and 3?
3
Let f(q) = q**3 + 9*q**2 + 6*q + 20. Let o be f(-8). Suppose -3*x - 4*d + 19 + 5 = 0, x + 2*d - 10 = 0. Calculate the greatest common factor of x and o.
4
Let r be (-3 + 162/42)*7. Calculate the highest common factor of r and 81.
3
Suppose 7*y - 10*y = 159. Let s = -9 - y. What is the greatest common divisor of 33 and s?
11
Let g be ((-570)/20 - -6)*(-1 + -21). Calculate the highest common factor of g and 110.
55
Suppose -5*x - 3*w + 137 = 33, -w = 5*x - 108. What is the greatest common divisor of x and 143?
11
Let i(w) = 5*w + 20. Let v be i(6). What is the greatest common factor of 350 and v?
50
Let x(c) = -c**3 + 4*c**2 + 6*c - 4. Let v be x(5). Let b(j) = -35*j**3 - j. Let z be b(v). Let s = -25 - z. Calculate the highest common divisor of 1 and s.
1
Let y be (20/16)/(5/140). Calculate the highest common divisor of y and 55.
5
Let j(w) = 22*w - 80. Let b be j(8). Let k(x) = x + 12. Let q be 2/(-3) + 14/21. Let u be k(q). What is the highest common factor of b and u?
12
Let b = 1242 + -217. Calculate the highest common factor of 41 and b.
41
Suppose -130 = -5*v - 2*d, -4*v - 4*d = -0*v - 116. Let i(n) = -84*n - 8. Let b be i(-2). Let r = b - 124. What is the highest common divisor of v and r?
12
Let u(d) = 4*d + 21. Let f be u(-8). Let p be (6 - -2) + f/(-11). Calculate the highest common factor of 1 and p.
1
Suppose 2*x = 111 - 19. Suppose 2*j - j - 51 = 0. Let q = -28 + j. Calculate the greatest common divisor of x and q.
23
Suppose -3*f = -0*f - 18. Let u be 352/(-616) - 74/(-7). What is the highest common factor of f and u?
2
Let z be (5/3 + -1)/((-7)/(-147)). Let k(a) = 3*a**2 + 10*a - 14. Let p be k(-8). Calculate the highest common divisor of p and z.
14
Let n(s) = s**3 + 4*s**2 + 3*s + 5. Let p be n(-3). Suppose -p*t + 2 = -58. Calculate the greatest common divisor of t and 3.
3
Let o(d) = 12 - 2*d + 6*d - 3*d + d. Let s be o(-4). What is the greatest common divisor of 12 and s?
4
Let a(t) = -t + 2. Let v be a(6). Let k be (-1)/(-2*v/(-88)). Let f = -9 - -20. Calculate the highest common divisor of k and f.
11
Let p = 39 + -96. Let x be (3 + -4)*(p + 4). Suppose 0 = -0*k + 2*k - y - x, 0 = -2*k - 4*y + 68. What is the highest common factor of 42 and k?
14
Suppose 8 = 3*l - 22. Let q be (-9)/(-36) + (-18)/8 - 2. Let y be (l/(-20))/(2/q). What is the highest common divisor of 9 and y?
1
Let r be 4 + (-3)/((-3)/(-2)). Suppose -r*b = -3*b + 20. Let o = -225 - -405. What is the greatest common factor of o and b?
20
Let g be (1 + -2)/(16/16). Let m be g*(3 - 84/4). Let d(v) = -v**2 + 7*v + 2. Let s be d(5). What is the greatest common divisor of s and m?
6
Let n be -3*6/4*-2. Let h be 62/12 + (-3)/18. Let l(r) = 11*r + 8. Let t be l(h). Calculate the highest common divisor of t and n.
9
Let t(c) = c**3 - 11*c**2 + 15*c - 7. Let y be t(10). Suppose 5*i = y + 17. Suppose -3*n + 0*n + 36 = 0. What is the greatest common divisor of n and i?
12
Let t(v) be the first derivative of -3*v**2/2 + 20*v - 3. Let b be t(5). Calculate the highest common factor of b and 20.
5
Let s be -1 - 21/2*-4. Let v